- 6. Let b(y) = 2*y - 8. Let a = -2 - -9. Let q be b(a). What is the units digit of l(q)?
6
Let v(h) = -h - 10. Let g be v(-7). Let k = g - -6. Suppose -k*w + 31 = -q, -2*w + 7*w - 3*q = 53. What is the tens digit of w?
1
Let m(x) = -5 + x - 2 - 4*x - 1. Let d be m(-9). Suppose 4 - 14 = -4*n - f, 2*f = 5*n - d. What is the units digit of n?
3
Suppose 0 = 3*d + d - 12. Suppose -56 + 14 = -d*j. What is the tens digit of j?
1
Suppose 2*a = 8*a - 60. Suppose 2*b = 2 + a. What is the units digit of b?
6
Suppose 2*l - 17 = 5*p, 2*p + 11 = 3*l + 2*l. What is the units digit of 7/2*(1 + l)?
7
Let o(b) = -b**3 + 8*b**2 - 6*b - 3. Let f be o(7). Suppose 2*c + 2*l = 3 + 43, f*c + l = 77. What is the tens digit of c?
1
Suppose 0 = 3*p + 2*b - 0*b - 5, 5*p - b = 17. Suppose 2*j = 7 - p. Suppose z - j*z + 7 = 0. What is the units digit of z?
7
Suppose -5*c + 46 = 3*p, 4*p - 3 + 0 = 5*c. Let q = 18 - p. Let j = q + -7. What is the units digit of j?
4
Suppose 169 + 107 = -3*x. What is the tens digit of 2/(-3) - x/3?
3
Let p = -12 - -6. Let r = 9 + p. What is the units digit of r?
3
Suppose -5 = -5*s + 15. Suppose 0 = l + s + 10. Let g = l + 24. What is the units digit of g?
0
Suppose -y + 29 = -7. Let f = y + 3. What is the tens digit of f?
3
Suppose 3*n - 5*y - 14 = 0, 2*n - 8 = 5*y + 3. Suppose -2*l + 5 = -s + 2, -n*s - 5*l = -24. What is the units digit of 6/(s - (3 - 2))?
3
Let a be (-50)/8 - (-1)/4. Let j = 2 + a. Let q(b) = -b**2 - 5*b. What is the units digit of q(j)?
4
Suppose -5*d + 11 = 1. Let l be (-2 - -17) + d + -2. What is the units digit of 1/((-3)/l*-1)?
5
Let g = -6 - -2. Let c = -4 - g. Suppose -2*m + 2 = -c*m. What is the units digit of m?
1
Let j = 6 - 2. Suppose 0*f + 2*f - 4*v = j, 24 = 5*f + 4*v. Suppose -t + l + 12 = 0, -l + 46 = 4*t - f*l. What is the tens digit of t?
1
Suppose -885 = -12*a - 105. What is the tens digit of a?
6
Let q be (10/15)/(1/(-3)). Let j(v) be the first derivative of v**3/3 + v - 1. What is the units digit of j(q)?
5
Let q(n) = -n + 6. Let z be q(3). Suppose -2*d - 2 = 4*h, 3*h = 4*d + 29 - z. What is the units digit of h?
2
Let f = 1232 + -829. What is the hundreds digit of f?
4
Suppose -2*l = l - 3. Let n(w) = -2*w - 1. Let f be n(l). Let a(p) = -3*p - 2. What is the units digit of a(f)?
7
Let z(o) = 0 + 1 - o - 2. What is the units digit of z(-6)?
5
Let x be 3*-2 - (2 + -4). Let c = x + 11. Suppose -3*a + c = 5*q - 40, 2*q = -2*a + 18. What is the units digit of q?
0
Let m be 6/(-9) + (-262)/(-6). Let p = 33 - 64. Let s = m + p. What is the units digit of s?
2
Suppose -2*j = -5*j. Suppose -3*p + j*o + o + 8 = 0, -2*p - 4*o + 10 = 0. What is the units digit of p?
3
Let y = 18 - -10. What is the tens digit of y?
2
Suppose -4*q - 31 = -3*w - 6*q, 10 = 2*w + 4*q. Let c = w + -4. What is the units digit of c?
9
Let i(l) = 5*l**3 - 3*l**2 + 3*l - 3. Let y be i(2). Suppose 0 = -4*k + 1 + y. What is the units digit of k?
8
Let n(z) = -z**2 + 23*z + 55. What is the tens digit of n(20)?
1
Let x(b) = 2*b + 9. Let j(c) = -c**3 - c**2 + 2*c + 7. Let f be j(0). What is the tens digit of x(f)?
2
Suppose 12 + 16 = 4*u. Let m(i) = i**3 - 2*i**2 + i. Let t be m(2). Suppose 0 = t*r - 7 - u. What is the units digit of r?
7
Let z(r) be the first derivative of -r**2 - 7*r - 1. Let c be z(-5). Suppose y + 3*q + 2 = 5, -c*q = -2*y + 24. What is the units digit of y?
9
Let u = 137 + -50. What is the tens digit of u?
8
Let n(l) = 313*l**2 + 2*l + 2. What is the tens digit of n(-1)?
1
Let o = -53 + 86. What is the units digit of o?
3
Let q(u) = u**2 + 10*u - 6. Let j be q(-8). Let s = j + 32. What is the tens digit of s?
1
What is the units digit of 0 + 6 - (-3 + 7)?
2
Let v be (4 - 1) + (1 - -17). Let d = v - -4. What is the tens digit of d?
2
Suppose 3*h - 11 = 3*a - 2*a, -4*a - 3*h = -16. Let f(k) = -10*k**2 - 1. Let c be f(a). Let n = 6 - c. What is the tens digit of n?
1
What is the hundreds digit of 0 + (-4)/(-4) + 17*6?
1
Let x(t) be the second derivative of t**4/4 - t**3/3 + t**2/2 - 5*t. What is the units digit of x(1)?
2
Suppose -3*g + 4 = -2. Suppose -3*o + g*c + 12 = 0, -c = 3*o + 2*c - 12. What is the units digit of o?
4
Let g(b) = b**2 + 2*b + 82. What is the tens digit of g(0)?
8
Let s(p) = 0*p - p**3 + 9*p**2 + p**2 + p + 12. What is the tens digit of s(10)?
2
Let h = 70 - 48. Suppose 2*u = -4*d + h, 2*u - 7 = -3*d + 10. What is the units digit of d?
5
Let p(y) = -55*y**3 - y**2 - y - 1. What is the tens digit of p(-1)?
5
Let n(z) = z**2 - 6*z - 14. What is the units digit of n(9)?
3
Let i = -31 - -69. What is the tens digit of i?
3
Suppose -s + 7*w - 2*w = -40, -92 = -3*s + w. What is the units digit of s?
0
What is the units digit of 855/4 - (3 - 26/8)?
4
Suppose -12 = 4*f - 32. Suppose -2*d - 7 = f*v + 16, -d = -2*v - 2. What is the units digit of ((-14)/4)/(d/8)?
7
Let u be (6/(-9)*3)/(-2). What is the tens digit of (1 - u) + 4 + 42?
4
Let a be (-2 + 3)/((-5)/20). What is the tens digit of (-234)/a + 9/(-6)?
5
Let z(k) = 12*k. Let j be z(3). What is the tens digit of (5/(-10))/((-1)/j)?
1
Suppose 4*y - 4*i = -8*i + 492, 3*y + 5*i = 361. What is the tens digit of y?
2
Suppose 5 = -5*o - 0. Let j = o + 4. Suppose -2*z = -9 - j. What is the units digit of z?
6
Suppose 0 = 7*b - 144 - 381. What is the tens digit of b?
7
Let i = -10 + 17. Let u = i - -22. What is the tens digit of u?
2
Let k be 5/2*(11 + -9). Let q(v) = 6*v + 5. What is the units digit of q(k)?
5
Suppose -3*y = 4*b + 46 + 11, -3*b = 2*y + 42. Let f = 9 + -28. Let v = b - f. What is the units digit of v?
7
What is the units digit of 57 - -1*9/3?
0
What is the units digit of 236/2 + (5 + -3 - 2)?
8
Suppose -3*h + 7 = -l, h - 3 = -0*h. Suppose 3*s + 3*k - 7 = 2*s, -l*s = 3*k - 17. What is the units digit of s?
0
Let y(g) = g**3 + 5*g**2 + 3*g - 2. Let i be y(-4). Let o = -5 + i. Let d = o - -7. What is the units digit of d?
4
Let m(s) be the second derivative of -1/3*s**3 - 1/3*s**4 - 1/20*s**5 + 0 + s - s**2. What is the units digit of m(-4)?
6
Let v(p) be the first derivative of -p**3/3 - 11*p**2/2 - 9*p + 6. What is the units digit of v(-10)?
1
Suppose 2*x = 4*d - 80, d - 3*d + 34 = 2*x. What is the tens digit of d?
1
Let c(q) = -6*q**3 + 2*q**2 - 1. Let s be c(1). Let l be (-1 - (-1 - 1)) + -2. What is the units digit of (-39)/s + l/(-5)?
8
Suppose -4*x - 2*g = -16, 2*x = -5*g + g + 20. What is the units digit of x?
2
Let f = -129 - -292. What is the hundreds digit of f?
1
Suppose -3*s + 19 = -20. What is the tens digit of s?
1
Let p(s) = 14*s**3 - 2*s**2 - 4*s + 1. What is the tens digit of p(3)?
4
Let m(w) = 25*w + 3. What is the tens digit of m(2)?
5
Suppose 2*v - 3 = 1. Let i(u) = -u - 3. Let x be i(-3). Let m = v - x. What is the units digit of m?
2
Let m(o) = -47*o + 24. What is the units digit of m(-3)?
5
Let q(u) = u + 17. Let z be q(-8). Suppose -176 = -z*d + 4*d - t, 0 = 4*d + 5*t - 124. What is the units digit of d?
6
Let z(t) = 1. Let r(n) = n + 1. Let g(y) = r(y) + 4*z(y). Let x be g(-5). Let o = 5 - x. What is the units digit of o?
5
Suppose -d - l = -56, -5*d + 4*l = -150 - 112. What is the units digit of d?
4
Let p(n) be the third derivative of n**6/120 - 3*n**5/20 + 5*n**4/12 - 5*n**3/6 + 8*n**2. What is the tens digit of p(8)?
1
Suppose 2*r = -2*r. Suppose r = -5*g + g. Suppose g = -2*q + 4*q - 16. What is the units digit of q?
8
Suppose 4*y - 4 = 0, 5*u - 8 = -5*y + 2*y. What is the units digit of 140/7 - 3/u?
7
Suppose -3*l + 51 = -111. Suppose 3*j = -2*d + l, -4*j = -d + 7 - 2. What is the tens digit of d?
2
Suppose -19 - 97 = -4*k. Suppose 3*v - 35 = -2*q - 3*q, -5*v + k = q. Suppose 2*h - q = -2*h. What is the units digit of h?
1
Let v(z) = z**3 - 11*z**2 - 11*z - 13. Let q(r) = -3*r**3 + 32*r**2 + 32*r + 39. Let p(t) = 3*q(t) + 8*v(t). Let o = -6 + 15. What is the units digit of p(o)?
4
Let b be (-26)/(-22) - 10/55. Let j be 0*(b + 3/(-2)). Suppose 2*k = 0, j*s - 2*s - k + 14 = 0. What is the units digit of s?
7
Let t be (-28)/(-10) + 5/25. Let w(n) = 4*n**3 - n**2 + 4*n - 1. Let k(m) = -m**3 - m**2 - m. Let h(p) = -3*k(p) - w(p). What is the units digit of h(t)?
7
Let u(n) = -2*n - 7. Suppose 0 = 3*o + 12, 4 = -3*j - 5*o - 43. What is the units digit of u(j)?
1
Suppose -4*w + 36 = -s, 3*s + 18 = 2*w + 5*s. Suppose 4*z + w =